{"id":273,"date":"2014-03-03T15:05:21","date_gmt":"2014-03-03T15:05:21","guid":{"rendered":"http:\/\/www.odemocratagb.com\/?page_id=273"},"modified":"2019-01-14T17:22:34","modified_gmt":"2019-01-14T17:22:34","slug":"ilhas","status":"publish","type":"page","link":"https:\/\/www.odemocratagb.com\/?page_id=273","title":{"rendered":"ONDE VISITAR"},"content":{"rendered":"<p><b>Ilhas<\/b><\/p>\n<p><a href=\"http:\/\/www.odemocratagb.com\/wp-content\/uploads\/2014\/03\/OndeVisitarp1.png\"><img loading=\"lazy\" decoding=\"async\" class=\"alignleft size-medium wp-image-617\" alt=\"OndeVisitarp1\" src=\"http:\/\/www.odemocratagb.com\/wp-content\/uploads\/2014\/03\/OndeVisitarp1-212x300.png\" width=\"212\" height=\"300\" srcset=\"https:\/\/www.odemocratagb.com\/wp-content\/uploads\/2014\/03\/OndeVisitarp1-212x300.png 212w, https:\/\/www.odemocratagb.com\/wp-content\/uploads\/2014\/03\/OndeVisitarp1-724x1024.png 724w, https:\/\/www.odemocratagb.com\/wp-content\/uploads\/2014\/03\/OndeVisitarp1.png 745w\" sizes=\"auto, (max-width: 212px) 100vw, 212px\" \/><\/a>No noroeste da Guin\u00e9-bissau, abrange uma superf\u00edcie de 886,15 km\u00b2 (68% coberto mangais &#8211; tarrafes). Este parque \u00e9 composto por duas zonas distintas, separados pelo rio Cacheu, e que diferem entre elas tanto a n\u00edvel ecol\u00f3gico como do ponto de vista social, econ\u00f4mico e cultural.<\/p>\n<p>&nbsp;<\/p>\n<p>&nbsp;<\/p>\n<p>&nbsp;<\/p>\n<p>&nbsp;<\/p>\n<p>&nbsp;<\/p>\n<p>&nbsp;<\/p>\n<p><b><a href=\"http:\/\/www.odemocratagb.com\/wp-content\/uploads\/2014\/03\/Parque1.png\"><img loading=\"lazy\" decoding=\"async\" class=\"alignleft size-medium wp-image-619\" alt=\"Parque1\" src=\"http:\/\/www.odemocratagb.com\/wp-content\/uploads\/2014\/03\/Parque1-211x300.png\" width=\"211\" height=\"300\" srcset=\"https:\/\/www.odemocratagb.com\/wp-content\/uploads\/2014\/03\/Parque1-211x300.png 211w, https:\/\/www.odemocratagb.com\/wp-content\/uploads\/2014\/03\/Parque1-722x1024.png 722w, https:\/\/www.odemocratagb.com\/wp-content\/uploads\/2014\/03\/Parque1.png 735w\" sizes=\"auto, (max-width: 211px) 100vw, 211px\" \/><\/a>Parque Natural das lagoas de Cufada\u00a0\u00a0\u00a0\u00a0\u00a0\u00a0\u00a0\u00a0\u00a0\u00a0\u00a0\u00a0\u00a0\u00a0\u00a0\u00a0\u00a0 <\/b><br \/>\nSituado no sul da Guin\u00e9-bissau, regi\u00e3o de Quinar\u00e1, sector de Buba, com uma superf\u00edcie estimada em 890 km\u00b2.<br \/>\nA grande biodiversidade da flora, da fauna e a avifauna do parque do ponto de vista biol\u00f3gico e tur\u00edstico. Destaca-se a exist\u00eancia de grandes mam\u00edferos como, por exemplo: hipop\u00f3tamos, pisbus, gazela-pintada, porco do mato, diversos macacos&#8230;<\/p>\n","protected":false},"excerpt":{"rendered":"<p>Ilhas No noroeste da Guin\u00e9-bissau, abrange uma superf\u00edcie de 886,15 km\u00b2 (68% coberto mangais &#8211; tarrafes). Este parque \u00e9 composto&#8230;<\/p>\n","protected":false},"author":1,"featured_media":0,"parent":0,"menu_order":0,"comment_status":"open","ping_status":"open","template":"","meta":{"footnotes":""},"class_list":["post-273","page","type-page","status-publish","hentry"],"yoast_head":"<!-- This site is optimized with the Yoast SEO plugin v27.5 - https:\/\/yoast.com\/product\/yoast-seo-wordpress\/ -->\n<title>ONDE VISITAR - O Democrata GB<\/title>\n<meta name=\"robots\" content=\"index, follow, max-snippet:-1, max-image-preview:large, max-video-preview:-1\" \/>\n<link rel=\"canonical\" href=\"https:\/\/www.odemocratagb.com\/?page_id=273\" \/>\n<meta property=\"og:locale\" content=\"pt_BR\" \/>\n<meta property=\"og:type\" content=\"article\" \/>\n<meta property=\"og:title\" content=\"ONDE VISITAR - O Democrata GB\" \/>\n<meta property=\"og:description\" content=\"Ilhas No noroeste da Guin\u00e9-bissau, abrange uma superf\u00edcie de 886,15 km\u00b2 (68% coberto mangais &#8211; tarrafes). Este parque \u00e9 composto...\" \/>\n<meta property=\"og:url\" content=\"https:\/\/www.odemocratagb.com\/?page_id=273\" \/>\n<meta property=\"og:site_name\" content=\"O Democrata GB\" \/>\n<meta property=\"article:publisher\" content=\"https:\/\/www.facebook.com\/jornaldaguinebissau\" \/>\n<meta property=\"article:modified_time\" content=\"2019-01-14T17:22:34+00:00\" \/>\n<meta property=\"og:image\" content=\"https:\/\/www.odemocratagb.com\/wp-content\/uploads\/2014\/03\/OndeVisitarp1.png\" \/>\n\t<meta property=\"og:image:width\" content=\"745\" \/>\n\t<meta property=\"og:image:height\" content=\"1053\" \/>\n\t<meta property=\"og:image:type\" content=\"image\/png\" \/>\n<meta name=\"twitter:card\" content=\"summary_large_image\" \/>\n<meta name=\"twitter:label1\" content=\"Est. tempo de leitura\" \/>\n\t<meta name=\"twitter:data1\" content=\"1 minuto\" \/>\n<script type=\"application\/ld+json\" class=\"yoast-schema-graph\">{\"@context\":\"https:\\\/\\\/schema.org\",\"@graph\":[{\"@type\":\"WebPage\",\"@id\":\"https:\\\/\\\/www.odemocratagb.com\\\/?page_id=273\",\"url\":\"https:\\\/\\\/www.odemocratagb.com\\\/?page_id=273\",\"name\":\"ONDE VISITAR - O Democrata GB\",\"isPartOf\":{\"@id\":\"https:\\\/\\\/www.odemocratagb.com\\\/#website\"},\"primaryImageOfPage\":{\"@id\":\"https:\\\/\\\/www.odemocratagb.com\\\/?page_id=273#primaryimage\"},\"image\":{\"@id\":\"https:\\\/\\\/www.odemocratagb.com\\\/?page_id=273#primaryimage\"},\"thumbnailUrl\":\"http:\\\/\\\/www.odemocratagb.com\\\/wp-content\\\/uploads\\\/2014\\\/03\\\/OndeVisitarp1-212x300.png\",\"datePublished\":\"2014-03-03T15:05:21+00:00\",\"dateModified\":\"2019-01-14T17:22:34+00:00\",\"breadcrumb\":{\"@id\":\"https:\\\/\\\/www.odemocratagb.com\\\/?page_id=273#breadcrumb\"},\"inLanguage\":\"pt-BR\",\"potentialAction\":[{\"@type\":\"ReadAction\",\"target\":[\"https:\\\/\\\/www.odemocratagb.com\\\/?page_id=273\"]}]},{\"@type\":\"ImageObject\",\"inLanguage\":\"pt-BR\",\"@id\":\"https:\\\/\\\/www.odemocratagb.com\\\/?page_id=273#primaryimage\",\"url\":\"https:\\\/\\\/www.odemocratagb.com\\\/wp-content\\\/uploads\\\/2014\\\/03\\\/OndeVisitarp1.png\",\"contentUrl\":\"https:\\\/\\\/www.odemocratagb.com\\\/wp-content\\\/uploads\\\/2014\\\/03\\\/OndeVisitarp1.png\",\"width\":745,\"height\":1053},{\"@type\":\"BreadcrumbList\",\"@id\":\"https:\\\/\\\/www.odemocratagb.com\\\/?page_id=273#breadcrumb\",\"itemListElement\":[{\"@type\":\"ListItem\",\"position\":1,\"name\":\"In\u00edcio\",\"item\":\"https:\\\/\\\/www.odemocratagb.com\\\/\"},{\"@type\":\"ListItem\",\"position\":2,\"name\":\"ONDE VISITAR\"}]},{\"@type\":\"WebSite\",\"@id\":\"https:\\\/\\\/www.odemocratagb.com\\\/#website\",\"url\":\"https:\\\/\\\/www.odemocratagb.com\\\/\",\"name\":\"O Democrata GB\",\"description\":\"Jornal O Democrata GB\",\"publisher\":{\"@id\":\"https:\\\/\\\/www.odemocratagb.com\\\/#organization\"},\"potentialAction\":[{\"@type\":\"SearchAction\",\"target\":{\"@type\":\"EntryPoint\",\"urlTemplate\":\"https:\\\/\\\/www.odemocratagb.com\\\/?s={search_term_string}\"},\"query-input\":{\"@type\":\"PropertyValueSpecification\",\"valueRequired\":true,\"valueName\":\"search_term_string\"}}],\"inLanguage\":\"pt-BR\"},{\"@type\":\"Organization\",\"@id\":\"https:\\\/\\\/www.odemocratagb.com\\\/#organization\",\"name\":\"O Democrata GB\",\"url\":\"https:\\\/\\\/www.odemocratagb.com\\\/\",\"logo\":{\"@type\":\"ImageObject\",\"inLanguage\":\"pt-BR\",\"@id\":\"https:\\\/\\\/www.odemocratagb.com\\\/#\\\/schema\\\/logo\\\/image\\\/\",\"url\":\"https:\\\/\\\/www.odemocratagb.com\\\/wp-content\\\/uploads\\\/2026\\\/04\\\/logo-odemocratagb.png\",\"contentUrl\":\"https:\\\/\\\/www.odemocratagb.com\\\/wp-content\\\/uploads\\\/2026\\\/04\\\/logo-odemocratagb.png\",\"width\":1250,\"height\":327,\"caption\":\"O Democrata GB\"},\"image\":{\"@id\":\"https:\\\/\\\/www.odemocratagb.com\\\/#\\\/schema\\\/logo\\\/image\\\/\"},\"sameAs\":[\"https:\\\/\\\/www.facebook.com\\\/jornaldaguinebissau\",\"https:\\\/\\\/www.instagram.com\\\/odemocratagb\"]}]}<\/script>\n<!-- \/ Yoast SEO plugin. -->","yoast_head_json":{"title":"ONDE VISITAR - O Democrata GB","robots":{"index":"index","follow":"follow","max-snippet":"max-snippet:-1","max-image-preview":"max-image-preview:large","max-video-preview":"max-video-preview:-1"},"canonical":"https:\/\/www.odemocratagb.com\/?page_id=273","og_locale":"pt_BR","og_type":"article","og_title":"ONDE VISITAR - O Democrata GB","og_description":"Ilhas No noroeste da Guin\u00e9-bissau, abrange uma superf\u00edcie de 886,15 km\u00b2 (68% coberto mangais &#8211; tarrafes). Este parque \u00e9 composto...","og_url":"https:\/\/www.odemocratagb.com\/?page_id=273","og_site_name":"O Democrata GB","article_publisher":"https:\/\/www.facebook.com\/jornaldaguinebissau","article_modified_time":"2019-01-14T17:22:34+00:00","og_image":[{"width":745,"height":1053,"url":"https:\/\/www.odemocratagb.com\/wp-content\/uploads\/2014\/03\/OndeVisitarp1.png","type":"image\/png"}],"twitter_card":"summary_large_image","twitter_misc":{"Est. tempo de leitura":"1 minuto"},"schema":{"@context":"https:\/\/schema.org","@graph":[{"@type":"WebPage","@id":"https:\/\/www.odemocratagb.com\/?page_id=273","url":"https:\/\/www.odemocratagb.com\/?page_id=273","name":"ONDE VISITAR - O Democrata GB","isPartOf":{"@id":"https:\/\/www.odemocratagb.com\/#website"},"primaryImageOfPage":{"@id":"https:\/\/www.odemocratagb.com\/?page_id=273#primaryimage"},"image":{"@id":"https:\/\/www.odemocratagb.com\/?page_id=273#primaryimage"},"thumbnailUrl":"http:\/\/www.odemocratagb.com\/wp-content\/uploads\/2014\/03\/OndeVisitarp1-212x300.png","datePublished":"2014-03-03T15:05:21+00:00","dateModified":"2019-01-14T17:22:34+00:00","breadcrumb":{"@id":"https:\/\/www.odemocratagb.com\/?page_id=273#breadcrumb"},"inLanguage":"pt-BR","potentialAction":[{"@type":"ReadAction","target":["https:\/\/www.odemocratagb.com\/?page_id=273"]}]},{"@type":"ImageObject","inLanguage":"pt-BR","@id":"https:\/\/www.odemocratagb.com\/?page_id=273#primaryimage","url":"https:\/\/www.odemocratagb.com\/wp-content\/uploads\/2014\/03\/OndeVisitarp1.png","contentUrl":"https:\/\/www.odemocratagb.com\/wp-content\/uploads\/2014\/03\/OndeVisitarp1.png","width":745,"height":1053},{"@type":"BreadcrumbList","@id":"https:\/\/www.odemocratagb.com\/?page_id=273#breadcrumb","itemListElement":[{"@type":"ListItem","position":1,"name":"In\u00edcio","item":"https:\/\/www.odemocratagb.com\/"},{"@type":"ListItem","position":2,"name":"ONDE VISITAR"}]},{"@type":"WebSite","@id":"https:\/\/www.odemocratagb.com\/#website","url":"https:\/\/www.odemocratagb.com\/","name":"O Democrata GB","description":"Jornal O Democrata GB","publisher":{"@id":"https:\/\/www.odemocratagb.com\/#organization"},"potentialAction":[{"@type":"SearchAction","target":{"@type":"EntryPoint","urlTemplate":"https:\/\/www.odemocratagb.com\/?s={search_term_string}"},"query-input":{"@type":"PropertyValueSpecification","valueRequired":true,"valueName":"search_term_string"}}],"inLanguage":"pt-BR"},{"@type":"Organization","@id":"https:\/\/www.odemocratagb.com\/#organization","name":"O Democrata GB","url":"https:\/\/www.odemocratagb.com\/","logo":{"@type":"ImageObject","inLanguage":"pt-BR","@id":"https:\/\/www.odemocratagb.com\/#\/schema\/logo\/image\/","url":"https:\/\/www.odemocratagb.com\/wp-content\/uploads\/2026\/04\/logo-odemocratagb.png","contentUrl":"https:\/\/www.odemocratagb.com\/wp-content\/uploads\/2026\/04\/logo-odemocratagb.png","width":1250,"height":327,"caption":"O Democrata GB"},"image":{"@id":"https:\/\/www.odemocratagb.com\/#\/schema\/logo\/image\/"},"sameAs":["https:\/\/www.facebook.com\/jornaldaguinebissau","https:\/\/www.instagram.com\/odemocratagb"]}]}},"_links":{"self":[{"href":"https:\/\/www.odemocratagb.com\/index.php?rest_route=\/wp\/v2\/pages\/273","targetHints":{"allow":["GET"]}}],"collection":[{"href":"https:\/\/www.odemocratagb.com\/index.php?rest_route=\/wp\/v2\/pages"}],"about":[{"href":"https:\/\/www.odemocratagb.com\/index.php?rest_route=\/wp\/v2\/types\/page"}],"author":[{"embeddable":true,"href":"https:\/\/www.odemocratagb.com\/index.php?rest_route=\/wp\/v2\/users\/1"}],"replies":[{"embeddable":true,"href":"https:\/\/www.odemocratagb.com\/index.php?rest_route=%2Fwp%2Fv2%2Fcomments&post=273"}],"version-history":[{"count":8,"href":"https:\/\/www.odemocratagb.com\/index.php?rest_route=\/wp\/v2\/pages\/273\/revisions"}],"predecessor-version":[{"id":666,"href":"https:\/\/www.odemocratagb.com\/index.php?rest_route=\/wp\/v2\/pages\/273\/revisions\/666"}],"wp:attachment":[{"href":"https:\/\/www.odemocratagb.com\/index.php?rest_route=%2Fwp%2Fv2%2Fmedia&parent=273"}],"curies":[{"name":"wp","href":"https:\/\/api.w.org\/{rel}","templated":true}]}}