{"id":288,"date":"2014-03-14T18:49:23","date_gmt":"2014-03-14T18:49:23","guid":{"rendered":"http:\/\/www.odemocratagb.com\/?page_id=288"},"modified":"2022-04-12T19:51:52","modified_gmt":"2022-04-12T19:51:52","slug":"imprensa","status":"publish","type":"page","link":"https:\/\/www.odemocratagb.com\/?page_id=288","title":{"rendered":"Nota de Imprensa"},"content":{"rendered":"<p>A Uni\u00e3o Europeia anuncia a abertura de um novo mercado em Bubaque. No dia 15 de Abril de 2014, \u00e0s 9h30, a Delega\u00e7\u00e3o da Uni\u00e3o Europeia junto da Rep\u00fablica da Guin\u00e9-Bissau\u00a0e a ONG italiana Mani Tese assinalam a inaugura\u00e7\u00e3o de um novo mercado em Bubaque, que ir\u00e1\u00a0promover a venda dos produtos locais na regi\u00e3o de Bolama Bijag\u00f3s. \u00a0 \u00a0 \u00a0 \u00a0 \u00a0 \u00a0 \u00a0 \u00a0 \u00a0 \u00a0 \u00a0 \u00a0 \u00a0 O novo mercado faz parte do Projeto \u201cBubaque Cidade Aberta\u201d, que visa melhorar os servi\u00e7os e\u00a0fortalecer as infra-estruturas de base da cidade de Bubaque, em prol do seu desenvolvimento como p\u00f3lo\u00a0tur\u00edstico da Guin\u00e9-Bissau. A obra consistiu na reestrutura\u00e7\u00e3o e alargamento de um espa\u00e7o identificado no passado como poss\u00edvel s\u00edtio do mercado municipal, mas que necessitava de uma complexa reabilita\u00e7\u00e3o, sobretudo da sua parte central. A gest\u00e3o e a manuten\u00e7\u00e3o do mercado ser\u00e3o asseguradas por um comit\u00e9 misto de gest\u00e3o, composto pelas associa\u00e7\u00f5es das mulheres feirantes e dos comerciantes.\u00a0O projecto &#8220;Bubaque Cidade Aberta&#8221;, iniciado em Janeiro de 2013, tem uma dura\u00e7\u00e3o de 32 meses e conta com um or\u00e7amento de 420 milh\u00f5es de Francos CFA, co-financiado a 75% pela Uni\u00e3o Europeia e a 25% pela MANITESE e pelos outros parceiros da ac\u00e7\u00e3o (tais como a ONG italiana ENGIM, a Universidade de Veneza e as ONG guineenses ADIM e FASPEBI).<\/p>\n<p>Por entre as outras ac\u00e7\u00f5es do projecto, destacam-se as seguintes:<br \/>\n\u2022 A instala\u00e7\u00e3o, pela cidade, de v\u00e1rios eco-pontos de luz alimentados por pain\u00e9is solares;<br \/>\n\u2022 A realiza\u00e7\u00e3o de um estudo conducente a orienta\u00e7\u00f5es para a cria\u00e7\u00e3o de um sistema de recolha integrada do lixo urbano,<br \/>\n\u2022 A realiza\u00e7\u00e3o de um estudo de percursos natural\u00edsticos-antropol\u00f3gicos,<br \/>\n\u2022 A constru\u00e7\u00e3o de um pavilh\u00e3o com sala de aulas e atelier de cozinha e a cria\u00e7\u00e3o de um curso de\u00a0forma\u00e7\u00e3o profissional para T\u00e9cnicos de Restaura\u00e7\u00e3o. Este projecto \u00e9 cofinanciado pela Uni\u00e3o Europeia<\/p>\n<p>Delega\u00e7\u00e3o da Uni\u00e3o Europeia junto da Rep\u00fablica<br \/>\nda Guin\u00e9-Bissau<br \/>\nBairro da Penha, Bissau<\/p>\n<p>http:\/\/eeas.europa.eu\/delegations\/guinea_bissau\/i \u00a0 \u00a0 \u00a0 \u00a0 \u00a0 \u00a0 \u00a0 \u00a0 \u00a0 \u00a0 \u00a0 \u00a0 \u00a0 \u00a0 \u00a0 \u00a0 \u00a0 \u00a0 \u00a0 \u00a0 \u00a0 ndex_pt.htm<br \/>\nMail: delegation-guinee-bissau@eeas.europa.eu<br \/>\nTelef: (+245) 3251469-70-71<\/p>\n","protected":false},"excerpt":{"rendered":"<p>A Uni\u00e3o Europeia anuncia a abertura de um novo mercado em Bubaque. No dia 15 de Abril de 2014, \u00e0s&#8230;<\/p>\n","protected":false},"author":1,"featured_media":695,"parent":0,"menu_order":0,"comment_status":"open","ping_status":"closed","template":"","meta":{"footnotes":""},"class_list":["post-288","page","type-page","status-publish","has-post-thumbnail","hentry"],"yoast_head":"<!-- This site is optimized with the Yoast SEO plugin v27.5 - https:\/\/yoast.com\/product\/yoast-seo-wordpress\/ -->\n<title>Nota de Imprensa - O Democrata GB<\/title>\n<meta name=\"robots\" content=\"index, follow, max-snippet:-1, max-image-preview:large, max-video-preview:-1\" \/>\n<link rel=\"canonical\" href=\"https:\/\/www.odemocratagb.com\/?page_id=288\" \/>\n<meta property=\"og:locale\" content=\"pt_BR\" \/>\n<meta property=\"og:type\" content=\"article\" \/>\n<meta property=\"og:title\" content=\"Nota de Imprensa - O Democrata GB\" \/>\n<meta property=\"og:description\" content=\"A Uni\u00e3o Europeia anuncia a abertura de um novo mercado em Bubaque. No dia 15 de Abril de 2014, \u00e0s...\" \/>\n<meta property=\"og:url\" content=\"https:\/\/www.odemocratagb.com\/?page_id=288\" \/>\n<meta property=\"og:site_name\" content=\"O Democrata GB\" \/>\n<meta property=\"article:publisher\" content=\"https:\/\/www.facebook.com\/jornaldaguinebissau\" \/>\n<meta property=\"article:modified_time\" content=\"2022-04-12T19:51:52+00:00\" \/>\n<meta property=\"og:image\" content=\"https:\/\/www.odemocratagb.com\/wp-content\/uploads\/2014\/03\/A-cerim\u00f3nia-de-inaugura\u00e7\u00e3o-do-novo-mercado-em-Bubaque.jpg\" \/>\n\t<meta property=\"og:image:width\" content=\"640\" \/>\n\t<meta property=\"og:image:height\" content=\"480\" \/>\n\t<meta property=\"og:image:type\" content=\"image\/jpeg\" \/>\n<meta name=\"twitter:card\" content=\"summary_large_image\" \/>\n<meta name=\"twitter:label1\" content=\"Est. tempo de leitura\" \/>\n\t<meta name=\"twitter:data1\" content=\"2 minutos\" \/>\n<script type=\"application\/ld+json\" class=\"yoast-schema-graph\">{\"@context\":\"https:\\\/\\\/schema.org\",\"@graph\":[{\"@type\":\"WebPage\",\"@id\":\"https:\\\/\\\/www.odemocratagb.com\\\/?page_id=288\",\"url\":\"https:\\\/\\\/www.odemocratagb.com\\\/?page_id=288\",\"name\":\"Nota de Imprensa - O Democrata GB\",\"isPartOf\":{\"@id\":\"https:\\\/\\\/www.odemocratagb.com\\\/#website\"},\"primaryImageOfPage\":{\"@id\":\"https:\\\/\\\/www.odemocratagb.com\\\/?page_id=288#primaryimage\"},\"image\":{\"@id\":\"https:\\\/\\\/www.odemocratagb.com\\\/?page_id=288#primaryimage\"},\"thumbnailUrl\":\"https:\\\/\\\/www.odemocratagb.com\\\/wp-content\\\/uploads\\\/2014\\\/03\\\/A-cerim\u00f3nia-de-inaugura\u00e7\u00e3o-do-novo-mercado-em-Bubaque.jpg\",\"datePublished\":\"2014-03-14T18:49:23+00:00\",\"dateModified\":\"2022-04-12T19:51:52+00:00\",\"breadcrumb\":{\"@id\":\"https:\\\/\\\/www.odemocratagb.com\\\/?page_id=288#breadcrumb\"},\"inLanguage\":\"pt-BR\",\"potentialAction\":[{\"@type\":\"ReadAction\",\"target\":[\"https:\\\/\\\/www.odemocratagb.com\\\/?page_id=288\"]}]},{\"@type\":\"ImageObject\",\"inLanguage\":\"pt-BR\",\"@id\":\"https:\\\/\\\/www.odemocratagb.com\\\/?page_id=288#primaryimage\",\"url\":\"https:\\\/\\\/www.odemocratagb.com\\\/wp-content\\\/uploads\\\/2014\\\/03\\\/A-cerim\u00f3nia-de-inaugura\u00e7\u00e3o-do-novo-mercado-em-Bubaque.jpg\",\"contentUrl\":\"https:\\\/\\\/www.odemocratagb.com\\\/wp-content\\\/uploads\\\/2014\\\/03\\\/A-cerim\u00f3nia-de-inaugura\u00e7\u00e3o-do-novo-mercado-em-Bubaque.jpg\",\"width\":640,\"height\":480},{\"@type\":\"BreadcrumbList\",\"@id\":\"https:\\\/\\\/www.odemocratagb.com\\\/?page_id=288#breadcrumb\",\"itemListElement\":[{\"@type\":\"ListItem\",\"position\":1,\"name\":\"In\u00edcio\",\"item\":\"https:\\\/\\\/www.odemocratagb.com\\\/\"},{\"@type\":\"ListItem\",\"position\":2,\"name\":\"Nota de Imprensa\"}]},{\"@type\":\"WebSite\",\"@id\":\"https:\\\/\\\/www.odemocratagb.com\\\/#website\",\"url\":\"https:\\\/\\\/www.odemocratagb.com\\\/\",\"name\":\"O Democrata GB\",\"description\":\"Jornal O Democrata GB\",\"publisher\":{\"@id\":\"https:\\\/\\\/www.odemocratagb.com\\\/#organization\"},\"potentialAction\":[{\"@type\":\"SearchAction\",\"target\":{\"@type\":\"EntryPoint\",\"urlTemplate\":\"https:\\\/\\\/www.odemocratagb.com\\\/?s={search_term_string}\"},\"query-input\":{\"@type\":\"PropertyValueSpecification\",\"valueRequired\":true,\"valueName\":\"search_term_string\"}}],\"inLanguage\":\"pt-BR\"},{\"@type\":\"Organization\",\"@id\":\"https:\\\/\\\/www.odemocratagb.com\\\/#organization\",\"name\":\"O Democrata GB\",\"url\":\"https:\\\/\\\/www.odemocratagb.com\\\/\",\"logo\":{\"@type\":\"ImageObject\",\"inLanguage\":\"pt-BR\",\"@id\":\"https:\\\/\\\/www.odemocratagb.com\\\/#\\\/schema\\\/logo\\\/image\\\/\",\"url\":\"https:\\\/\\\/www.odemocratagb.com\\\/wp-content\\\/uploads\\\/2026\\\/04\\\/logo-odemocratagb.png\",\"contentUrl\":\"https:\\\/\\\/www.odemocratagb.com\\\/wp-content\\\/uploads\\\/2026\\\/04\\\/logo-odemocratagb.png\",\"width\":1250,\"height\":327,\"caption\":\"O Democrata GB\"},\"image\":{\"@id\":\"https:\\\/\\\/www.odemocratagb.com\\\/#\\\/schema\\\/logo\\\/image\\\/\"},\"sameAs\":[\"https:\\\/\\\/www.facebook.com\\\/jornaldaguinebissau\",\"https:\\\/\\\/www.instagram.com\\\/odemocratagb\"]}]}<\/script>\n<!-- \/ Yoast SEO plugin. -->","yoast_head_json":{"title":"Nota de Imprensa - O Democrata GB","robots":{"index":"index","follow":"follow","max-snippet":"max-snippet:-1","max-image-preview":"max-image-preview:large","max-video-preview":"max-video-preview:-1"},"canonical":"https:\/\/www.odemocratagb.com\/?page_id=288","og_locale":"pt_BR","og_type":"article","og_title":"Nota de Imprensa - O Democrata GB","og_description":"A Uni\u00e3o Europeia anuncia a abertura de um novo mercado em Bubaque. No dia 15 de Abril de 2014, \u00e0s...","og_url":"https:\/\/www.odemocratagb.com\/?page_id=288","og_site_name":"O Democrata GB","article_publisher":"https:\/\/www.facebook.com\/jornaldaguinebissau","article_modified_time":"2022-04-12T19:51:52+00:00","og_image":[{"width":640,"height":480,"url":"https:\/\/www.odemocratagb.com\/wp-content\/uploads\/2014\/03\/A-cerim\u00f3nia-de-inaugura\u00e7\u00e3o-do-novo-mercado-em-Bubaque.jpg","type":"image\/jpeg"}],"twitter_card":"summary_large_image","twitter_misc":{"Est. tempo de leitura":"2 minutos"},"schema":{"@context":"https:\/\/schema.org","@graph":[{"@type":"WebPage","@id":"https:\/\/www.odemocratagb.com\/?page_id=288","url":"https:\/\/www.odemocratagb.com\/?page_id=288","name":"Nota de Imprensa - O Democrata GB","isPartOf":{"@id":"https:\/\/www.odemocratagb.com\/#website"},"primaryImageOfPage":{"@id":"https:\/\/www.odemocratagb.com\/?page_id=288#primaryimage"},"image":{"@id":"https:\/\/www.odemocratagb.com\/?page_id=288#primaryimage"},"thumbnailUrl":"https:\/\/www.odemocratagb.com\/wp-content\/uploads\/2014\/03\/A-cerim\u00f3nia-de-inaugura\u00e7\u00e3o-do-novo-mercado-em-Bubaque.jpg","datePublished":"2014-03-14T18:49:23+00:00","dateModified":"2022-04-12T19:51:52+00:00","breadcrumb":{"@id":"https:\/\/www.odemocratagb.com\/?page_id=288#breadcrumb"},"inLanguage":"pt-BR","potentialAction":[{"@type":"ReadAction","target":["https:\/\/www.odemocratagb.com\/?page_id=288"]}]},{"@type":"ImageObject","inLanguage":"pt-BR","@id":"https:\/\/www.odemocratagb.com\/?page_id=288#primaryimage","url":"https:\/\/www.odemocratagb.com\/wp-content\/uploads\/2014\/03\/A-cerim\u00f3nia-de-inaugura\u00e7\u00e3o-do-novo-mercado-em-Bubaque.jpg","contentUrl":"https:\/\/www.odemocratagb.com\/wp-content\/uploads\/2014\/03\/A-cerim\u00f3nia-de-inaugura\u00e7\u00e3o-do-novo-mercado-em-Bubaque.jpg","width":640,"height":480},{"@type":"BreadcrumbList","@id":"https:\/\/www.odemocratagb.com\/?page_id=288#breadcrumb","itemListElement":[{"@type":"ListItem","position":1,"name":"In\u00edcio","item":"https:\/\/www.odemocratagb.com\/"},{"@type":"ListItem","position":2,"name":"Nota de Imprensa"}]},{"@type":"WebSite","@id":"https:\/\/www.odemocratagb.com\/#website","url":"https:\/\/www.odemocratagb.com\/","name":"O Democrata GB","description":"Jornal O Democrata GB","publisher":{"@id":"https:\/\/www.odemocratagb.com\/#organization"},"potentialAction":[{"@type":"SearchAction","target":{"@type":"EntryPoint","urlTemplate":"https:\/\/www.odemocratagb.com\/?s={search_term_string}"},"query-input":{"@type":"PropertyValueSpecification","valueRequired":true,"valueName":"search_term_string"}}],"inLanguage":"pt-BR"},{"@type":"Organization","@id":"https:\/\/www.odemocratagb.com\/#organization","name":"O Democrata GB","url":"https:\/\/www.odemocratagb.com\/","logo":{"@type":"ImageObject","inLanguage":"pt-BR","@id":"https:\/\/www.odemocratagb.com\/#\/schema\/logo\/image\/","url":"https:\/\/www.odemocratagb.com\/wp-content\/uploads\/2026\/04\/logo-odemocratagb.png","contentUrl":"https:\/\/www.odemocratagb.com\/wp-content\/uploads\/2026\/04\/logo-odemocratagb.png","width":1250,"height":327,"caption":"O Democrata GB"},"image":{"@id":"https:\/\/www.odemocratagb.com\/#\/schema\/logo\/image\/"},"sameAs":["https:\/\/www.facebook.com\/jornaldaguinebissau","https:\/\/www.instagram.com\/odemocratagb"]}]}},"_links":{"self":[{"href":"https:\/\/www.odemocratagb.com\/index.php?rest_route=\/wp\/v2\/pages\/288","targetHints":{"allow":["GET"]}}],"collection":[{"href":"https:\/\/www.odemocratagb.com\/index.php?rest_route=\/wp\/v2\/pages"}],"about":[{"href":"https:\/\/www.odemocratagb.com\/index.php?rest_route=\/wp\/v2\/types\/page"}],"author":[{"embeddable":true,"href":"https:\/\/www.odemocratagb.com\/index.php?rest_route=\/wp\/v2\/users\/1"}],"replies":[{"embeddable":true,"href":"https:\/\/www.odemocratagb.com\/index.php?rest_route=%2Fwp%2Fv2%2Fcomments&post=288"}],"version-history":[{"count":10,"href":"https:\/\/www.odemocratagb.com\/index.php?rest_route=\/wp\/v2\/pages\/288\/revisions"}],"predecessor-version":[{"id":37245,"href":"https:\/\/www.odemocratagb.com\/index.php?rest_route=\/wp\/v2\/pages\/288\/revisions\/37245"}],"wp:featuredmedia":[{"embeddable":true,"href":"https:\/\/www.odemocratagb.com\/index.php?rest_route=\/wp\/v2\/media\/695"}],"wp:attachment":[{"href":"https:\/\/www.odemocratagb.com\/index.php?rest_route=%2Fwp%2Fv2%2Fmedia&parent=288"}],"curies":[{"name":"wp","href":"https:\/\/api.w.org\/{rel}","templated":true}]}}